ts digit of y?
1
Let j(v) = v**3 + 8*v**2 + 9. What is the units digit of j(-5)?
4
Let j(z) = z - 5. Let x be j(6). Let m be 66/8 + x/(-4). Let p(i) = i**3 - 7*i**2 - 7*i + 12. What is the tens digit of p(m)?
2
Suppose -7*g + 4*g + 24 = 0. What is the units digit of (-2 - 7/(-2))*g?
2
Let z be (-1)/((3/(-4))/3). Suppose u + 2*x = 3, 3*u + 3 = -z*x + 12. Suppose 5*y + 7 = -3*s, -s + 0*y = -y - u. What is the units digit of s?
1
Let m = 68 - 14. What is the units digit of m?
4
Let s(l) = l**2 - 6*l + 7. Let x be s(5). Suppose -54 = -4*p + 2*p. Suppose 2*c + a - 17 = 0, -5*c + x*a + p + 2 = 0. What is the units digit of c?
7
Let k = 2 + -1. Let f = -15 + 15. Let w = k - f. What is the units digit of w?
1
Let o(n) = n - 6. Let d be o(5). Let f = -6 - d. Let y = 11 - f. What is the tens digit of y?
1
Let l(m) = -54*m**3 - 2*m**2 - 3*m - 1. What is the units digit of l(-1)?
4
Let z(d) be the second derivative of d**3/6 + 11*d**2/2 + 2*d. What is the tens digit of z(8)?
1
Let o = -14 - -18. Suppose o*c + 4*f - 58 = 2*c, 0 = 3*f - 15. What is the units digit of c?
9
Let c(d) = 6*d - 1. Let l be c(1). Suppose -2 + 4 = l*h - 2*i, -3*i + 10 = -h. What is the units digit of h?
2
Suppose 5*w - 79 = 156. What is the units digit of w?
7
Suppose -5*i + 75 = 285. Let b = i + 71. What is the units digit of b?
9
Let u = 11 + -4. Suppose 3*t - 4*t + 7 = -2*r, 3*t - 5*r - 18 = 0. Suppose u = 2*d + 5*m, 0 = 2*d - 3*m - 0*m + t. What is the units digit of d?
1
Let h(v) = 5*v**2 + v + 2. Let n be h(2). Suppose -y = -t + n, -5*t - y + 138 - 24 = 0. What is the units digit of t?
3
Let g(s) = -s**3 + 6*s**2 - 3*s + 2. Let w be g(4). Let q be (-3 - -1) + w + -1. Suppose q = 3*k - 8. What is the units digit of k?
9
Suppose -5*s + 660 = s. What is the hundreds digit of s?
1
Suppose -3*m - 5 = -8. Suppose o - 3*z = -m, -23 = -5*o + z - 0*z. Suppose -2*k = -o*u - 2, -2*u = k + 7 - 17. What is the units digit of k?
6
Let v = 16 - -12. What is the units digit of v?
8
Suppose 5*h + 5*u + 4 = -91, u = 5. Let w be 6/h - (-85)/4. Let f = w + -9. What is the tens digit of f?
1
Suppose 2*w - 20 - 34 = 0. What is the units digit of w?
7
Suppose 4 = 2*t - 2. Suppose -11 = -t*y - 5. What is the units digit of y?
2
What is the units digit of -12 + 8 + 0 + 53?
9
What is the units digit of (-2)/(116/(-108) - -1)?
7
Suppose 4*v - 4*i - 320 = 0, 2*i = -0*v - 3*v + 245. What is the tens digit of v?
8
What is the units digit of 10/(-10) + 1 + 5?
5
Suppose -28 = 3*k - 4. Let x be (-2 + -1)/(k + 7). Suppose -2*l + 75 = x*l. What is the tens digit of l?
1
Let s be 3*-1*(-8)/(-6). What is the units digit of (-2)/(-8) + (-27)/s?
7
Let p be 1 + ((-1)/(-1))/(-1). Suppose 0*m + 2*m = p. Suppose -4*t + 16 = -m*t. What is the units digit of t?
4
Let q = 12 + -7. Suppose -29 = q*i - 139. Suppose 0 = 5*d - 8 - i. What is the units digit of d?
6
Suppose 4*p - 20 = 0, 6*j - 70 = 2*j - 2*p. Suppose -4*y = -5*a + 171, -4*a - 4*y + 108 = -0*y. Let m = a - j. What is the units digit of m?
6
Let p = -226 + 402. What is the hundreds digit of p?
1
Suppose -q + 2*o - 21 = -3*o, o = -5*q - 27. Let r be q/(-12) - (-17)/2. Let t = 23 - r. What is the tens digit of t?
1
Let v(k) = 90*k**2 - k + 2. What is the tens digit of v(1)?
9
Let x(g) = -g - 7. Let v(k) = -k - 7. Let i(l) = 2*v(l) - 3*x(l). What is the units digit of i(6)?
3
Suppose 0 = -39*s + 31*s + 768. What is the tens digit of s?
9
Let n(z) = -z**2 + 16*z + 14. What is the tens digit of n(16)?
1
Suppose 0 = 4*i - 4*d - 756, 2*i - i - 3*d = 197. What is the units digit of i?
5
Suppose 0 = -2*h - 5*v + 8, -3*v - 8 = -0*h - 2*h. Suppose h*s - 20 - 44 = 0. What is the units digit of s?
6
Suppose 0*t - 6 = -y + 4*t, 0 = -y + 2*t + 6. What is the units digit of y?
6
Suppose -4 = -4*o + 8. Suppose -5*t + 111 = 4*s, -s - 74 = -o*t + 4*s. What is the tens digit of t?
2
Suppose -7 = -3*c + 2. Suppose -x - c = -7. What is the units digit of x?
4
Let x = 29 - 22. What is the units digit of x?
7
Let l(t) = 2*t + 38. What is the tens digit of l(0)?
3
Let l(m) = m + 15. What is the units digit of l(-11)?
4
Let d(b) = 4*b**2 - 7*b + 3. What is the units digit of d(6)?
5
Suppose 0 = -3*m + 4*m - 10. What is the units digit of (-232)/(-20) + (-6)/m?
1
Let w(r) = r**2 - 11*r + 4. Let s be w(11). Suppose -5*y - 7 - 3 = 0, 0 = -s*p - 4*y - 12. Let m(b) = -15*b. What is the units digit of m(p)?
5
Let y(p) = -p**3 + 7*p**2 + 3*p + 5. What is the tens digit of y(7)?
2
Let n(y) = -y**3 + 8*y**2 + 3*y - 9. Let t be n(8). Suppose 3 = 2*w - t. What is the units digit of (3/2)/(w/12)?
2
Let c(n) = n**2 + 5*n + 4. Let y be c(-4). Suppose y = q - 0*q - 4. What is the units digit of q?
4
Suppose 2*l - l = 3. Suppose -l*a - 2*a = -35. What is the units digit of a?
7
Let b(l) = -l + 6. Suppose o - 4*v = -11, -2*v - 3*v + 40 = 4*o. Let k be b(o). Let z(w) = 9*w. What is the units digit of z(k)?
9
Let a(b) = 2*b**2 - 3*b + 1. What is the tens digit of a(6)?
5
Let w be (7/((-28)/(-192)))/1. Let c = -15 + w. What is the units digit of c?
3
Suppose 48 = 2*l - 52. What is the tens digit of l?
5
Let r(g) = 4*g - 1. Suppose -2*y + 2 = -2. Suppose y + 1 = 3*a. What is the units digit of r(a)?
3
Let u(g) = -3*g**3 - 5*g**2 - 4*g + 3. Let a(j) = -2*j**3 - 4*j**2 - 3*j + 3. Let o(n) = 4*a(n) - 3*u(n). What is the units digit of o(0)?
3
Let j be (-4)/(-26) + (-575)/(-65). Suppose 5*l = 2*t - j, -5*l + l + 4 = 0. What is the units digit of t?
7
Suppose 0 = 2*w + 11 + 5. Let y be 2 - 1 - (-1 + 7). Let a = y - w. What is the units digit of a?
3
Suppose 0 = 4*l - 0*l. Let b = 4 + l. Suppose 5*j + 5 = -t - b*t, 5*t = 5*j + 45. What is the units digit of t?
4
Let j(p) = p**2. Let z(l) = -l**3 - 7*l**2 + 7*l - 7. Let u be z(-8). What is the units digit of j(u)?
1
Let c(n) = -n**2 - 7*n + 4. Let z be c(-7). Suppose -2*l = -2*h + 28, -z*l - 1 = -13. What is the tens digit of h?
1
Let x = 7 - -6. Suppose -2*w = -113 + x. What is the units digit of w?
0
Suppose 0 = u + 4*p - 39, 3*p - 5*p = 4*u - 86. What is the tens digit of u?
1
Let m be (-3)/(-9) - 132/(-9). Suppose -3*j = -b + 13, b - 3*b + m = 5*j. What is the tens digit of b?
1
Let i(t) = 5 + t + 5 - 2. What is the units digit of i(-7)?
1
Suppose 0 = -0*z + 3*z - 6. Let d = 5 - z. Suppose 13 = d*y - 14. What is the units digit of y?
9
Suppose -3*h + 8 = h. Suppose 0 = -h*x + 22 + 8. What is the units digit of x?
5
Suppose -k + 3*g + 320 = -2*g, k - 292 = -2*g. Suppose 9*h = 4*h + k. Suppose -3*j - 3*c + 6 = 0, -3*c - h = -5*j + 2*c. What is the units digit of j?
7
Let z(s) = 3*s**3 - 2*s**2 + 2*s - 1. Let p be z(1). Suppose l + p*b - 4 = 0, 2*l - 44 = -3*l - 4*b. What is the units digit of l?
2
Let s(r) be the first derivative of -2 - 1/4*r**4 + 2*r**3 - 3*r - 5/2*r**2. What is the units digit of s(4)?
9
Suppose -3*m + 48 = -6*m. Let q = -9 - m. What is the units digit of q?
7
Let q(u) = 16*u**2 + 2*u. Let s be q(2). Let f be -2 + 1 + (5 - 0). Suppose f*i = s - 12. What is the tens digit of i?
1
Let r = 580 + -196. What is the tens digit of r?
8
Let q = 24 + -19. Suppose q*s - 59 = 46. What is the tens digit of s?
2
Let n(l) = 10*l - 6. What is the tens digit of n(15)?
4
Let n = 202 + -140. What is the tens digit of n?
6
Let q(p) = -2*p - 4. Let k(d) = d**2 - 4*d - 7. Let f(b) = 3*k(b) - 5*q(b). What is the units digit of f(-1)?
4
Let o(c) = -c**3 - 3*c**2 - c + 3. Let x be o(-3). What is the units digit of (-2)/3 - (-46)/x?
7
Let a(l) = 2*l**2 + 3*l + 5. Let x be a(-5). Suppose 5*u = 15 + x. What is the tens digit of u?
1
Let c = -1 - -1. Let v = c + 6. Let o = v + 0. What is the units digit of o?
6
Suppose 5*a - 2*x = 277 + 100, -4*a + 2*x = -300. What is the tens digit of a?
7
Let n(c) = 14*c**2 - 1. Suppose -2*k + 2*z - 8 = -0*k, 5*k + 2 = -z. What is the units digit of n(k)?
3
Suppose 0*v + v = -4*y - 2, 0 = -4*y + v + 2. Suppose -q - q + 50 = y. What is the units digit of q?
5
Let t(m) = -3*m - 3. Let r be t(-2). Suppose -r*a = -2*a + 7. What is the units digit of (2 + -3)*a - 3?
4
Let r = 11 - 8. Suppose -3*m + 26 = -j - j, 5*j + 20 = r*m. Let w = -3 + m. What is the units digit of w?
7
Let x(b) be the first derivative of -3*b**2 + b - 3. What is the units digit of x(-1)?
7
Let h be (24/(-14))/(3/(-21)). What is the units digit of ((-5)/(-1))/(10/